{"id":7,"date":"2022-10-16T21:23:46","date_gmt":"2022-10-16T19:23:46","guid":{"rendered":"http:\/\/serendrelavieplusdouce.fr\/?page_id=7"},"modified":"2025-09-21T12:20:48","modified_gmt":"2025-09-21T10:20:48","slug":"accueil","status":"publish","type":"page","link":"https:\/\/serendrelavieplusdouce.fr\/","title":{"rendered":"Accueil"},"content":{"rendered":"\n<p class=\"has-text-align-center has-text-color has-background\" style=\"color:#eec50b52;background-color:#add1fea1;margin-top:20px;margin-right:20px;margin-bottom:20px;margin-left:20px;padding-top:var(--wp--preset--spacing--30);padding-right:var(--wp--preset--spacing--30);padding-bottom:var(--wp--preset--spacing--30);padding-left:var(--wp--preset--spacing--30);font-size:30px\"><span style=\"color: #ff9900;\"><strong>Vous pouvez vous rendre la vie plus douce<\/strong><\/span><\/p>\n\n\n\n<figure class=\"wp-block-image alignleft size-full is-resized is-style-rounded\"><img loading=\"lazy\" decoding=\"async\" width=\"742\" height=\"488\" src=\"https:\/\/serendrelavieplusdouce.fr\/wp-content\/uploads\/2022\/10\/bonhuer-detente.jpg\" alt=\"\" class=\"wp-image-188\" style=\"width:471px;height:310px\" srcset=\"https:\/\/serendrelavieplusdouce.fr\/wp-content\/uploads\/2022\/10\/bonhuer-detente.jpg 742w, https:\/\/serendrelavieplusdouce.fr\/wp-content\/uploads\/2022\/10\/bonhuer-detente-300x197.jpg 300w, https:\/\/serendrelavieplusdouce.fr\/wp-content\/uploads\/2022\/10\/bonhuer-detente-500x330.jpg 500w\" sizes=\"auto, (max-width: 742px) 100vw, 742px\" \/><\/figure>\n\n\n\n<p class=\"has-ast-global-color-5-background-color has-background\" style=\"font-size:16px\">Vous pouvez rendre vos relations plus harmonieuses.<br>Vous pouvez all\u00e9ger vos contrari\u00e9t\u00e9s, vos souffrances et cheminer vers la s\u00e9r\u00e9nit\u00e9.<br>Vous pouvez gagner en clart\u00e9 d\u2019esprit et en libert\u00e9, tout cela gr\u00e2ce \u00e0 un outil puissant, le Work de Byron Katie.<br><br>Je vous offre la possibilit\u00e9 de d\u00e9couvrir gratuitement cette m\u00e9thode et de l\u2019approfondir en atelier \u00e0 distance. Vous aurez ainsi \u00e0 votre disposition une ressource qui vous aide \u00e0 calmer une col\u00e8re, \u00e0 vous apaiser, \u00e0 rendre les relations avec vos proches plus fluides et plus douces ou \u00e0 avoir l\u2019esprit plus clair avant d\u2019agir.<\/p>\n\n\n\n<div style=\"height:12px\" aria-hidden=\"true\" class=\"wp-block-spacer\"><\/div>\n\n\n\n<div style=\"height:24px\" aria-hidden=\"true\" class=\"wp-block-spacer\"><\/div>\n\n\n\n<p><\/p>\n\n\n\n<figure class=\"wp-block-image alignright size-large is-resized is-style-rounded\"><img loading=\"lazy\" decoding=\"async\" width=\"1024\" height=\"516\" src=\"https:\/\/serendrelavieplusdouce.fr\/wp-content\/uploads\/2022\/10\/swans-2116649_1920_cr-1024x516.jpg\" alt=\"\" class=\"wp-image-167\" style=\"width:494px;height:248px\" srcset=\"https:\/\/serendrelavieplusdouce.fr\/wp-content\/uploads\/2022\/10\/swans-2116649_1920_cr-1024x516.jpg 1024w, https:\/\/serendrelavieplusdouce.fr\/wp-content\/uploads\/2022\/10\/swans-2116649_1920_cr-300x151.jpg 300w, https:\/\/serendrelavieplusdouce.fr\/wp-content\/uploads\/2022\/10\/swans-2116649_1920_cr-768x387.jpg 768w, https:\/\/serendrelavieplusdouce.fr\/wp-content\/uploads\/2022\/10\/swans-2116649_1920_cr-1536x774.jpg 1536w, https:\/\/serendrelavieplusdouce.fr\/wp-content\/uploads\/2022\/10\/swans-2116649_1920_cr-1140x574.jpg 1140w, https:\/\/serendrelavieplusdouce.fr\/wp-content\/uploads\/2022\/10\/swans-2116649_1920_cr.jpg 1844w\" sizes=\"auto, (max-width: 1024px) 100vw, 1024px\" \/><\/figure>\n\n\n\n<p class=\"has-background\" style=\"background-color:#eec50b52;font-size:16px\">Vous pouvez aussi choisir de b\u00e9n\u00e9ficier de mon accompagnement en s\u00e9ance individuelle \u00e0 l\u2019aide du Work, de mes outils \u00e9nerg\u00e9tiques et de toutes mes capacit\u00e9s. Je mets en \u0153uvre mon \u00e9coute intuitive pour vous accompagner avec qui vous \u00eates et ce que vous vivez, pour un soutien imm\u00e9diat.<\/p>\n\n\n\n<figure class=\"wp-block-image alignleft size-full is-resized\"><a href=\"https:\/\/serendrelavieplusdouce.fr\/?page_id=503(ouvre un nouvel onglet)\"><img loading=\"lazy\" decoding=\"async\" width=\"405\" height=\"124\" src=\"https:\/\/serendrelavieplusdouce.fr\/wp-content\/uploads\/2022\/11\/telechargement.png\" alt=\"\" class=\"wp-image-499\" style=\"width:193px;height:58px\" srcset=\"https:\/\/serendrelavieplusdouce.fr\/wp-content\/uploads\/2022\/11\/telechargement.png 405w, https:\/\/serendrelavieplusdouce.fr\/wp-content\/uploads\/2022\/11\/telechargement-300x92.png 300w\" sizes=\"auto, (max-width: 405px) 100vw, 405px\" \/><\/a><\/figure>\n\n\n\n<div style=\"height:20px\" aria-hidden=\"true\" class=\"wp-block-spacer\"><\/div>\n\n\n\n<p class=\"has-ast-global-color-1-color has-text-color\" style=\"font-size:16px\">Le Travail (The Work) est une&nbsp;<strong>d\u00e9marche simple et puissante de questionnement personnel&nbsp;<\/strong>qui vous apprend \u00e0 identifier et questionner les pens\u00e9es qui sont responsables de la souffrance dans le monde. C\u2019est un moyen de comprendre ce qui vous blesse, et d\u2019aborder vos probl\u00e8mes avec clart\u00e9.<\/p>\n\n\n\n<p>Le Work de Byron Katie \u00e9veille notre conscience \u00e0 nos croyances, permet de les investiguer et de nous en lib\u00e9rer. Cela apporte de l&rsquo;apaisement, de la libert\u00e9 et am\u00e9liore toutes les relations avec d&rsquo;autres personnes.<\/p>\n\n\n\n<p style=\"font-size:18px\"><strong>Les personnes qui pratiquent r\u00e9guli\u00e8rement le Travail font \u00e9tat de changements importants dans leur vie, de plus de s\u00e9r\u00e9nit\u00e9 et des relations plus douces<\/strong>.<\/p>\n\n\n\n<div class=\"wp-block-columns is-layout-flex wp-container-core-columns-is-layout-28f84493 wp-block-columns-is-layout-flex\">\n<div class=\"wp-block-column is-layout-flow wp-block-column-is-layout-flow\" style=\"flex-basis:40%\">\n<p><strong>Sur les bienfaits du Work de Byron Katie<\/strong><\/p>\n<\/div>\n\n\n\n<div class=\"wp-block-column is-layout-flow wp-block-column-is-layout-flow\">\n<figure class=\"wp-block-image size-full is-resized\"><a href=\"https:\/\/serendrelavieplusdouce.fr\/?page_id=290(ouvre un nouvel onglet)\"><img loading=\"lazy\" decoding=\"async\" width=\"405\" height=\"124\" src=\"https:\/\/serendrelavieplusdouce.fr\/wp-content\/uploads\/2022\/11\/telechargement-1.png\" alt=\"\" class=\"wp-image-512\" style=\"width:174px;height:53px\" srcset=\"https:\/\/serendrelavieplusdouce.fr\/wp-content\/uploads\/2022\/11\/telechargement-1.png 405w, https:\/\/serendrelavieplusdouce.fr\/wp-content\/uploads\/2022\/11\/telechargement-1-300x92.png 300w\" sizes=\"auto, (max-width: 405px) 100vw, 405px\" \/><\/a><\/figure>\n<\/div>\n\n\n\n<div class=\"wp-block-column is-layout-flow wp-block-column-is-layout-flow\"><\/div>\n<\/div>\n\n\n\n<p><\/p>\n\n\n\n<div class=\"wp-block-columns is-layout-flex wp-container-core-columns-is-layout-28f84493 wp-block-columns-is-layout-flex\">\n<div class=\"wp-block-column is-layout-flow wp-block-column-is-layout-flow\" style=\"flex-basis:33.33%\">\n<figure class=\"wp-block-image size-large is-resized is-style-rounded\"><img loading=\"lazy\" decoding=\"async\" width=\"781\" height=\"1024\" src=\"https:\/\/serendrelavieplusdouce.fr\/wp-content\/uploads\/2023\/02\/isav2-781x1024.jpg\" alt=\"\" class=\"wp-image-1294\" style=\"width:218px;height:285px\" srcset=\"https:\/\/serendrelavieplusdouce.fr\/wp-content\/uploads\/2023\/02\/isav2-781x1024.jpg 781w, https:\/\/serendrelavieplusdouce.fr\/wp-content\/uploads\/2023\/02\/isav2-229x300.jpg 229w, https:\/\/serendrelavieplusdouce.fr\/wp-content\/uploads\/2023\/02\/isav2-768x1006.jpg 768w, https:\/\/serendrelavieplusdouce.fr\/wp-content\/uploads\/2023\/02\/isav2-rotated.jpg 1031w\" sizes=\"auto, (max-width: 781px) 100vw, 781px\" \/><\/figure>\n<\/div>\n\n\n\n<div class=\"wp-block-column is-layout-flow wp-block-column-is-layout-flow\" style=\"flex-basis:66.66%\">\n<p><\/p>\n\n\n\n<p>Passionn\u00e9e par ce qui a trait \u00e0 la relation \u00e0 soi, aux autres, en recherche de l\u2019espace de calme en moi, j\u2019ai affront\u00e9 \u00e0 un moment de ma vie des difficult\u00e9s relationnelles importantes avec une de mes filles. <br>Celles-ci m\u2019ont pouss\u00e9 \u00e0 chercher encore et encore ce qui pouvait me soutenir et m\u2019aider. <br>J&rsquo;ai ainsi d\u00e9couvert et approfondi diff\u00e9rentes formations.<br>Celles-ci m\u2019ont permis de r\u00e9soudre mes probl\u00e8mes relationnels, de me cr\u00e9er une vie plus harmonieuse, plus joyeuse, avec plus de s\u00e9r\u00e9nit\u00e9.<\/p>\n<\/div>\n<\/div>\n\n\n\n<p><strong>Riche des outils que j&rsquo;ai d\u00e9couverts, de mes formations et de mes exp\u00e9riences, j\u2019ai l\u2019\u00e9lan du c\u0153ur et l\u2019enthousiasme pour les partager avec vous<\/strong><\/p>\n\n\n\n<div class=\"wp-block-columns alignfull has-text-color has-background is-layout-flex wp-container-core-columns-is-layout-d7d455e7 wp-block-columns-is-layout-flex\" style=\"border-style:none;border-width:0px;color:#000000;background-color:#ffffff;padding-top:0;padding-right:0;padding-bottom:0;padding-left:0\">\n<div class=\"wp-block-column is-layout-flow wp-block-column-is-layout-flow\" style=\"flex-basis:5%\"><\/div>\n\n\n\n<div class=\"wp-block-column is-layout-flow wp-block-column-is-layout-flow\" style=\"flex-basis:50%\">\n<p class=\"has-text-align-right\">  <strong>Sur mon parcours<\/strong><\/p>\n<\/div>\n\n\n\n<div class=\"wp-block-column is-layout-flow wp-block-column-is-layout-flow\">\n<figure class=\"wp-block-image size-full is-resized\"><a href=\"https:\/\/serendrelavieplusdouce.fr\/?page_id=19(ouvre un nouvel onglet)\"><img loading=\"lazy\" decoding=\"async\" width=\"405\" height=\"124\" src=\"https:\/\/serendrelavieplusdouce.fr\/wp-content\/uploads\/2022\/11\/telechargement-1.png\" alt=\"\" class=\"wp-image-512\" style=\"width:146px;height:44px\" srcset=\"https:\/\/serendrelavieplusdouce.fr\/wp-content\/uploads\/2022\/11\/telechargement-1.png 405w, https:\/\/serendrelavieplusdouce.fr\/wp-content\/uploads\/2022\/11\/telechargement-1-300x92.png 300w\" sizes=\"auto, (max-width: 405px) 100vw, 405px\" \/><\/a><\/figure>\n<\/div>\n<\/div>\n\n\n\n<p><\/p>\n","protected":false},"excerpt":{"rendered":"<p>Vous pouvez vous rendre la vie plus douce Vous pouvez rendre vos relations plus harmonieuses.Vous pouvez all\u00e9ger vos contrari\u00e9t\u00e9s, vos souffrances et cheminer vers la s\u00e9r\u00e9nit\u00e9.Vous pouvez gagner en clart\u00e9 d\u2019esprit et en libert\u00e9, tout cela gr\u00e2ce \u00e0 un outil puissant, le Work de Byron Katie. Je vous offre la possibilit\u00e9 de d\u00e9couvrir gratuitement cette &hellip;<\/p>\n<p class=\"read-more\"> <a class=\"\" href=\"https:\/\/serendrelavieplusdouce.fr\/\"> <span class=\"screen-reader-text\">Accueil<\/span> Lire la suite\u00a0\u00bb<\/a><\/p>\n","protected":false},"author":1,"featured_media":0,"parent":0,"menu_order":1,"comment_status":"closed","ping_status":"closed","template":"","meta":{"site-sidebar-layout":"default","site-content-layout":"default","ast-global-header-display":"","ast-banner-title-visibility":"","ast-main-header-display":"","ast-hfb-above-header-display":"","ast-hfb-below-header-display":"","ast-hfb-mobile-header-display":"","site-post-title":"disabled","ast-breadcrumbs-content":"","ast-featured-img":"","footer-sml-layout":"","theme-transparent-header-meta":"","adv-header-id-meta":"","stick-header-meta":"","header-above-stick-meta":"","header-main-stick-meta":"","header-below-stick-meta":"","footnotes":""},"class_list":["post-7","page","type-page","status-publish","hentry"],"_links":{"self":[{"href":"https:\/\/serendrelavieplusdouce.fr\/index.php?rest_route=\/wp\/v2\/pages\/7","targetHints":{"allow":["GET"]}}],"collection":[{"href":"https:\/\/serendrelavieplusdouce.fr\/index.php?rest_route=\/wp\/v2\/pages"}],"about":[{"href":"https:\/\/serendrelavieplusdouce.fr\/index.php?rest_route=\/wp\/v2\/types\/page"}],"author":[{"embeddable":true,"href":"https:\/\/serendrelavieplusdouce.fr\/index.php?rest_route=\/wp\/v2\/users\/1"}],"replies":[{"embeddable":true,"href":"https:\/\/serendrelavieplusdouce.fr\/index.php?rest_route=%2Fwp%2Fv2%2Fcomments&post=7"}],"version-history":[{"count":132,"href":"https:\/\/serendrelavieplusdouce.fr\/index.php?rest_route=\/wp\/v2\/pages\/7\/revisions"}],"predecessor-version":[{"id":1673,"href":"https:\/\/serendrelavieplusdouce.fr\/index.php?rest_route=\/wp\/v2\/pages\/7\/revisions\/1673"}],"wp:attachment":[{"href":"https:\/\/serendrelavieplusdouce.fr\/index.php?rest_route=%2Fwp%2Fv2%2Fmedia&parent=7"}],"curies":[{"name":"wp","href":"https:\/\/api.w.org\/{rel}","templated":true}]}}